pose 0 = -0*m + 3*m - 3*f - 435, 4*m = u*f + 590. List the prime factors of m.
2, 3, 5
Suppose -9 = 2*i + i, i + 11 = 4*l. Suppose -4*p - c = -2020, -5*p + l*c - 3*c + 2525 = 0. List the prime factors of p.
5, 101
Suppose 311*m - 937286 = 143*m + 154*m. List the prime factors of m.
66949
Let k(n) = -1012 + 1798 - 895 - 30*n. What are the prime factors of k(-19)?
461
Let i be 102 + (-3 - -3) + 3. Let g = 405 - i. What are the prime factors of g?
2, 3, 5
Suppose -8*l + 7*l = 5. Let x(u) = u**3 + 6*u**2 + 6*u + 7. Let w be x(l). Suppose 3*b = 4*h + 18 + 221, -5*b - w*h = -355. What are the prime factors of b?
73
Suppose -21295 = -451*d + 450*d - 5*t, 4*d + t - 85066 = 0. List the prime factors of d.
5, 4253
Suppose 4*j + 3*a - 22 = 0, 6 = -a + 4*a. Let i be j - (-3 - 0/3). Suppose 270 = 4*v + 2*y, i*v - 5*y = 3*v + 305. What are the prime factors of v?
2, 5, 7
Suppose -3*m + h = -37221, -6*m + 10*h + 74460 = 11*h. List the prime factors of m.
12409
List the prime factors of (95*(76 - -5))/(6/4).
2, 3, 5, 19
Suppose -1416 = -3*a + s + 2967, -a + s = -1457. List the prime factors of a.
7, 11, 19
Let p(d) = -4*d**3 - 16*d**2 - 23*d - 83. What are the prime factors of p(-10)?
3, 283
What are the prime factors of 4839 - (-9 + (13 - 0))?
5, 967
Let v = -566 + 604. Let s(y) = 15*y**3 - 3*y**2 + 3*y - 2. Let b be s(2). Let j = b + v. What are the prime factors of j?
2, 3, 5
Suppose -2*d - 4*c + c - 604 = 0, 3*c - 311 = d. Let z = d - -800. What are the prime factors of z?
3, 5, 11
Let b(s) = -68*s - 26. Let i = -183 + 180. What are the prime factors of b(i)?
2, 89
Let a be (-4)/10 - 4709/(-85). Let t = 143 - a. Suppose -2*z + 80 = 3*y, 3*y + t = 2*z + 4*y. List the prime factors of z.
2, 23
Let z = 534 + -153. Suppose 5*q + v = -z, 2*q + 166 = -4*v + 28. Let k = q - -96. What are the prime factors of k?
19
Let p(w) = -3*w**2 + 6*w + 14. Let y(r) = -3*r - 4*r + 64*r**3 - 15 + 3*r**2 - 63*r**3. Let h(n) = 6*p(n) + 5*y(n). What are the prime factors of h(3)?
2, 3, 5
Let o(r) = 49*r - 22. Let d(i) = i + 3. Let a(q) = -2*d(q) + 2*o(q). List the prime factors of a(4).
2, 167
Suppose -s + 3*u + 1083 = 0, 0 = -0*s + 2*s - 5*u - 2167. Suppose 2*p - 8*p = -s. What are the prime factors of p?
181
Suppose -584 + 210 = -2*d + 712. List the prime factors of d.
3, 181
Let c = -9842 + 19339. List the prime factors of c.
9497
Suppose 0 = -3*o + 3879 + 2550. Suppose -2*v + 7*v + i = o, 1297 = 3*v - 5*i. List the prime factors of v.
3, 11, 13
Let k = -30998 + 52828. List the prime factors of k.
2, 5, 37, 59
List the prime factors of ((-3)/((-1833)/(-1842) - 1))/((-187)/(-374)).
2, 307
Let x be (-2)/3*273/(-14). Suppose x*j + 2587 - 11089 = 0. What are the prime factors of j?
2, 3, 109
Let k be (-2)/(-6) - 1786/(-6). Suppose -2*v - 3*o + 38 = 13, -2*o + 5 = -v. Suppose -v*u = -7*u + k. List the prime factors of u.
149
Let v(r) = 553*r - 566. Let m(t) = 185*t - 189. Let w(f) = 11*m(f) - 4*v(f). List the prime factors of w(-6).
29, 43
Let j = -38990 - -58236. What are the prime factors of j?
2, 9623
Let p = -5065 + 13081. What are the prime factors of p?
2, 3, 167
Suppose v - 31 = 3*i + 228, v - 234 = -2*i. Suppose -t = -m + v, -2*m + 491 = -2*t - 3*t. What are the prime factors of m?
3
Suppose -4*s + 201748 = 4*t, 34*s = 14*t + 30*s - 706208. List the prime factors of t.
2, 3, 7, 1201
Let n = 52705 + -1703. What are the prime factors of n?
2, 7, 3643
Let r(k) = 285*k - 6526. What are the prime factors of r(24)?
2, 157
Let s be -25*96/(-8)*16. Suppose 0 = 3*h + 4*b - 4083, 4*h = -5*b + s + 644. What are the prime factors of h?
1361
Suppose 0 = 28*m - 22*m - 66. Suppose -m*i + 6864 = i. What are the prime factors of i?
2, 11, 13
Let d(j) = 47*j**2 - 154*j + 3585. What are the prime factors of d(39)?
2, 3, 1279
What are the prime factors of (97803/(-54))/(20/(-120))?
10867
Let d = -213 - -416. What are the prime factors of d + (-13)/(26/(-4))?
5, 41
What are the prime factors of (3448 + 10/(-2) - 5) + 0?
2, 3, 191
Suppose 12*n - 9 = 11*n. Suppose 7*u - n*u - 198 = 0. Let i = -1 - u. What are the prime factors of i?
2, 7
Let q(s) = -45*s - 128. Let f be q(14). Let l = f + 1334. What are the prime factors of l?
2, 3
Let t = -129 + 146. Suppose 3094 = t*m - 3*m. What are the prime factors of m?
13, 17
Suppose -21*n = 151 + 38. What are the prime factors of 1 - (n - (-10210)/(-5))?
2, 3, 19
Let o(f) = f**2 - 8. Let s be o(7). Suppose -s*v + 528 = -35*v. What are the prime factors of v?
2, 11
Suppose -10 = 8*x - 3*x. What are the prime factors of x/(-4) - (501/(-6) + -1)?
5, 17
Let w be (10 - 7)/((-2)/(-8)). Suppose -w*j + 910 = -22*j. Let t = j + 285. List the prime factors of t.
2, 97
Suppose 129*j - 128*j = 2035. What are the prime factors of j?
5, 11, 37
Suppose -52*y - 1 = -53*y. Let l(v) = 24*v**2 + 2. List the prime factors of l(y).
2, 13
Suppose 5*p = -2*f + 8734, 2*p + 11876 = 4*f - 5520. List the prime factors of f.
2, 17
Let l be 4/(72/(-27) + 4). Suppose 4*r = -4*x + 6812, 11*r = 7*r + l*x + 6798. What are the prime factors of r?
3, 7
Let p = -968 + 568. Let k = p - -281. What are the prime factors of 4/1 - -1 - k?
2, 31
Let n = 2587 - 109. List the prime factors of n.
2, 3, 7, 59
Suppose -95*p - 94*p = -175*p - 66556. What are the prime factors of p?
2, 2377
Suppose -y - 10935 = 6*c - 8*c, -c - 5*y = -5495. List the prime factors of c.
2, 5, 547
Suppose -3*c - 10 = 5*z, -8*c + 10*c + z - 5 = 0. Suppose -c*v + 16*v - 4400 = 0. List the prime factors of v.
2, 5
Let z be (-42)/(-273) + 334/26 + -6. What are the prime factors of 563 + (z - 7) + -4?
13, 43
Suppose -4*a + r + 854 = 0, 844 = 4*a + 4*r - 0*r. Let i = 152 - a. Let q = i - -136. List the prime factors of q.
3, 5
Suppose 40542 = 2*r + 180*a - 176*a, 3*r - 5*a = 60736. List the prime factors of r.
47, 431
Let h = 24 + -22. Let c(v) = v - 3*v - 4*v**h + 7*v**2 - 4 + 4*v. List the prime factors of c(-4).
2, 3
Let i(y) = -460 - y - 7*y + 430. What are the prime factors of i(-8)?
2, 17
What are the prime factors of ((42850/(-6))/5)/(122/(-366))?
5, 857
Suppose 4*f - 32314 = -h + 7230, 3*f = 3*h + 29643. What are the prime factors of f?
3, 5, 659
Suppose -7410 = -26*k - 4*k. What are the prime factors of k?
13, 19
Let q = -67630 - -98472. What are the prime factors of q?
2, 7, 2203
Let w be ((-14)/14)/(-2 - 10/(-6)). Suppose -5*c - 373 = -3*b, -w*b - c - 3*c = -382. List the prime factors of b.
2, 3, 7
List the prime factors of 20331 - 1 - (-79 - -76).
20333
Suppose 16*v - 10739 - 11389 = 0. What are the prime factors of v?
3, 461
List the prime factors of -8 + (-180936)/(-44) + 48/(-264).
2, 3, 19
Let d(h) = 3*h - 10 - 29*h**3 + 30*h**3 + 34 + 8*h**2. Let m be d(-8). Suppose -563 = -3*f - 2*v, -4*v + m*v - 764 = -4*f. What are the prime factors of f?
3, 7
Let u(x) = -x**3 + 3*x**2 - x - 633. Let l be u(0). Let y = l + 779. List the prime factors of y.
2, 73
Suppose k - 3*y = -7*y + 21, 0 = -2*k - 5*y + 30. List the prime factors of (3/2)/(4*k/12360).
3, 103
Let y(j) = -5*j - 38. Let m be y(-9). Suppose -5*l = -m*l + 700. What are the prime factors of l?
2, 5, 7
Let o be -5 + (-126)/(-27) + (-20)/(-6). List the prime factors of (-8 + 2)/(o/687*-2).
3, 229
Let x = 1689 - -868. What are the prime factors of x?
2557
Suppose -8*j + 3*j = 2*o - 45833, j + 4*o = 9145. What are the prime factors of j?
53, 173
Let x be 1227/2*4/(-2). Let t = -687 - x. Suppose -8*z = -2*z - t. What are the prime factors of z?
2, 3, 5
Let p be (0 - -2) + 1140/((-25)/(-5)). Let a be 2/1*(0 - -1). Suppose -7*h = -a*h - p. What are the prime factors of h?
2, 23
Let m(z) = 34*z**2 + 12*z + 590. What are the prime factors of m(-46)?
2, 3, 31, 43
Suppose -65 + 349 = 4*i. Let v be -4 + 13/(-6 - -5). What are the prime factors of (-1 - i)*(16 + v)?
2, 3
Let b be (-3)/(-4) - (-5)/20*-1643. Let z = b + 676. What are the prime factors of (11 + -8)/(3/z)?
2, 7, 19
Let d = 14701 + -7928. List the prime factors of d.
13, 521
Suppose -5*h + 30 - 90 = 4*b, 4*b - 5*h = -20. List the prime factors of ((-8)/b)/4 - (-2064)/5.
7, 59
Suppose 5*d = -3*r + 2, -d + r - 5*r = -14. Let p = 120 - 118. List the prime factors of (-1)/d*232/p.
2, 29
Suppose 21*c = 16*c + 2208 + 15532. List the prime factors of c.
2, 887
Suppose -5*t + 20 = -k, -t - 2*t = 5*k - 12. Suppose